omposite?
False
Is 114979339 a prime number?
True
Is 54876564957 composite?
True
Is 23198891489 a prime number?
True
Is 190301411 prime?
True
Is 613890611 a composite number?
False
Is 289449785 a composite number?
True
Is 3762804739 prime?
True
Is 802543993 a composite number?
True
Is 1522371247 composite?
True
Is 586512517 composite?
True
Is 76521370901 composite?
False
Is 22220163563 composite?
True
Is 31731029927 a prime number?
False
Is 825459589 a composite number?
False
Is 463129913 composite?
True
Is 2896819171 a prime number?
True
Is 2126227507 composite?
True
Is 1520851 prime?
True
Is 989612083 a prime number?
True
Is 2558533517 a composite number?
False
Is 366363923 a prime number?
False
Is 1392798479 composite?
True
Is 1517021207 a composite number?
True
Is 149142101351 a prime number?
False
Is 40198458623 a composite number?
False
Is 68281201091 a composite number?
False
Is 2888501843 a composite number?
True
Is 5376226861 a prime number?
False
Is 582330691 a composite number?
True
Is 5064163751 composite?
True
Is 17491975205 prime?
False
Is 1457090743 a prime number?
True
Is 6922223097 a prime number?
False
Is 54739935311 composite?
False
Is 250818409 a prime number?
False
Is 2643076699 composite?
True
Is 9684055463 prime?
False
Is 608035751 a prime number?
False
Is 799664389 a prime number?
True
Is 19654930787 a prime number?
True
Is 856699357 a composite number?
True
Is 34959503 a composite number?
True
Is 1823967311 prime?
True
Is 3438371303 prime?
True
Is 19293908329 composite?
False
Is 1621873217 prime?
False
Is 16879690889 a composite number?
False
Is 755897965 a prime number?
False
Is 58805096101 a composite number?
True
Is 262415437 composite?
False
Is 3578852399 composite?
True
Is 1294200853 prime?
False
Is 12423595109 a prime number?
False
Is 266421817 a composite number?
False
Is 2080334813 prime?
True
Is 256160893 a composite number?
False
Is 11472014537 prime?
True
Is 886864873 composite?
False
Is 2016585733 a prime number?
True
Is 485652319 a prime number?
False
Is 195391661 a composite number?
True
Is 274797732107 a prime number?
False
Is 7626567599 a composite number?
True
Is 49453631387 prime?
True
Is 1149995657 composite?
False
Is 194427021 composite?
True
Is 363156841 a prime number?
True
Is 114756928581 a prime number?
False
Is 2660915549 a prime number?
False
Is 2182196239 a prime number?
True
Is 193727273 composite?
False
Is 25359805157 a prime number?
False
Is 178627441 a composite number?
True
Is 1527742841 composite?
True
Is 10571391959 a composite number?
True
Is 116643763 a prime number?
False
Is 38802844781 composite?
True
Is 2880874979 a prime number?
True
Is 387909059 prime?
True
Is 3535061281 composite?
True
Is 9711727141 a prime number?
True
Is 7259329691 composite?
True
Is 128761472519 composite?
False
Is 47812166095 prime?
False
Is 38341747 prime?
False
Is 6909470153 composite?
False
Is 6125884007 a composite number?
True
Is 460506153 composite?
True
Is 98747111 a prime number?
True
Is 678427171 a composite number?
False
Is 11360589743 prime?
True
Is 69582327511 a prime number?
True
Is 19223286253 a composite number?
False
Is 41760896657 composite?
True
Is 2451121261 prime?
True
Is 5760017693 prime?
False
Is 6026738019 a prime number?
False
Is 109614337 a composite number?
True
Is 7239061321 a composite number?
False
Is 13901213111 composite?
True
Is 553362091 a prime number?
True
Is 86701499 a prime number?
True
Is 4651879781 composite?
False
Is 70146247217 a composite number?
False
Is 7744063213 a prime number?
True
Is 355993764107 a prime number?
False
Is 13046489 prime?
True
Is 102242197 a composite number?
True
Is 919893269 composite?
True
Is 11600849989 a composite number?
False
Is 223459052981 a prime number?
False
Is 6121416739 composite?
False
Is 35315942639 a prime number?
True
Is 369537367 composite?
False
Is 53959603 a composite number?
False
Is 16931535737 a prime number?
False
Is 337634401 prime?
False
Is 328193191 a prime number?
True
Is 166434833 prime?
False
Is 24341896211 composite?
False
Is 671606051 composite?
False
Is 30625306793 composite?
False
Is 4903773955 a composite number?
True
Is 7073779793 a composite number?
True
Is 177145499281 composite?
False
Is 650626799 prime?
True
Is 1505419019 prime?
False
Is 248592731 a prime number?
True
Is 9662831239 prime?
True
Is 250106561 a composite number?
True
Is 18455621117 a composite number?
False
Is 13707017 composite?
False
Is 84633431 a composite number?
False
Is 875211577 prime?
True
Is 324311417 prime?
True
Is 235029329 prime?
True
Is 24778019239 a prime number?
False
Is 48802716029 a prime number?
False
Is 11824552127 composite?
True
Is 2018912243 a prime number?
True
Is 30710883293 prime?
True
Is 11111114447 composite?
False
Is 52993095907 a composite number?
False
Is 47279273491 a composite number?
True
Is 13089905951 a composite number?
True
Is 10788790589 a composite number?
True
Is 683686613 prime?
True
Is 4859081881 composite?
False
Is 72969789 a composite number?
True
Is 162655388749 prime?
False
Is 14446544947 composite?
False
Is 62622352159 composite?
False
Is 40489614199 composite?
False
Is 1485248669 composite?
False
Is 1402381177 prime?
False
Is 5433862039 a composite number?
False
Is 21330383729 prime?
True
Is 12552595243 prime?
True
Is 47032881953 a composite number?
True
Is 12446632439 composite?
False
Is 140629633807 prime?
False
Is 110042431 prime?
True
Is 8779324079 prime?
True
Is 36038127329 a composite number?
False
Is 21456571249 a composite number?
True
Is 10039935133 a composite number?
False
Is 5452697287 prime?
False
Is 219039433 prime?
False
Is 146946381 composite?
True
Is 7762801237 a prime number?
True
Is 13850205403 a composite number?
False
Is 476259191 a prime number?
False
Is 10487159357 prime?
False
Is 6305732857 a composite number?
False
Is 732143881 prime?
False
Is 1759438141 composite?
False
Is 4680426279 a composite number?
True
Is 12247663867 prime?
True
Is 13226100467 prime?
False
Is 1912723277 composite?
False
Is 601847639 a prime number?
True
Is 37666020307 a composite number?
True
Is 23431495681 prime?
False
Is 35301309782 a composite number?
True
Is 42920337479 prime?
False
Is 2910880459 a prime number?
False
Is 6846491989 a prime number?
False
Is 79985571 a prime number?
False
Is 123959261 composite?
False
Is 4570578577 a prime number?
True
Is 162925579 composite?
False
Is 11957594711 prime?
False
Is 20849742593 prime?
True
Is 136618330351 a composite number?
False
Is 759308161 a prime number?
False
Is 2620437047 a prime number?
True
Is 5141673493 a prime number?
False
Is 88631186185 a composite number?
True
Is 13837429819 a prime number?
True
Is 1054100659 prime?
False
Is 191185568671 a composite number?
True
Is 8900578049 composite?
True
Is 50720505679 prime?
True
Is 41540484347 composite?
True
Is 47848748699 a composite number?
True
Is 56266609891 prime?
True
Is 725218439 a composite number?
True
Is 252943777 a composite number?
True
Is 3789597157 a prime number?
True
Is 245757038629 prime?
True
Is 8146291 a prime number?
True
Is 37030342 composite?
True
Is 285182333 a prime number?
False
Is 11265065083 a composite number?
False
Is 100286327 a prime number?
False
Is 110688379 composite?
True
Is 215102191 prime?
True
Is 25271781427 prime?
True
Is 2603454247 a prime number?
False
Is 50977901371 a prime number?
False
Is 69499351 a prime number?
True
Is 610974002 composite?
True
Is 620379763877 prime?
True
Is 3304248971 a prime number?
True
Is 608227441 a composite number?
True
Is 1708896949 prime?
False
Is 152254210597 prime?
False
Is 16544801159 composite?
False
Is 3113001473 a composite number?
False
Is 33806069303 a prime number?
True
Is 21207685139 composite?
True
Is 219934453 a composite number?
False
Is 263020253 a composite number?
True
Is 35826598534 a composite number?
True
Is 2008849901 a composite number?
False
Is 11200921141 composite?
False
Is 747404089 a prime number?
False
Is 102621375713 prime?
True
Is 791415143 composite?
True
Is 1355111867 a composite number?
True
Is 9583496831 composite?
False
Is 1955167021 a prime number?
True
Is 40588300229 a prime number?
False
Is 3950878007 composite?
False
Is 9575505787 a composite number?
False
Is 391797379 composite?
F